 - 6*c - 13. Calculate the remainder when l(-9) is divided by 11.
8
Let b be 3*-1 - (2 + 41). Let q = 82 + b. What is the remainder when q is divided by 19?
17
Let j = 9 - 7. Let a be (-3)/(-6)*(j + -2). Suppose -v + 36 = -a. What is the remainder when v is divided by 19?
17
Let j be 2/9 + 553/63. Calculate the remainder when 23 is divided by j*6*(-4)/(-18).
11
Suppose z = 4 + 4. Suppose -h = 4*h + 25, -5*h - 34 = 3*m. Let g = z + m. Calculate the remainder when 14 is divided by g.
4
Suppose 184*c = 186*c - 6. Calculate the remainder when 16 is divided by c.
1
Suppose 3*p = p + 6. Suppose -4*m = p*a - 49, m = -m + 2*a + 28. Calculate the remainder when m is divided by 7.
6
Let x = -10 - -17. Suppose 4*s = -3*r + 19 - x, 0 = 4*s. What is the remainder when 9 is divided by r?
1
Suppose 0 = -l - 3*z + 8, 3*z + 7 - 30 = -4*l. Suppose 2*f = -2*m + 28, 0*m - 4*m + 20 = -5*f. Let o = 19 - m. What is the remainder when o is divided by l?
4
Let w(l) = l**2 - l - 2. Calculate the remainder when 18 is divided by w(3).
2
Suppose -3*b + 16 = b - 2*g, -3*b + g + 13 = 0. Calculate the remainder when 18 is divided by b.
3
Let p(i) = -i**3 - 9*i**2 - 6*i + 18. Let b be p(-8). Suppose l = -4*v + 22, -22 = -b*v + 5*l - 0*l. What is the remainder when v is divided by 2?
0
Calculate the remainder when (7/2*-1)/((-2)/12) is divided by 5.
1
Let m = -4 - -15. Calculate the remainder when 50 is divided by m.
6
Suppose 0*x + 6 = x + 3*h, 3*h = -2*x + 27. What is the remainder when 146 is divided by x?
20
Suppose 0 = 4*d + w - 12 + 9, -1 = 2*d + w. Calculate the remainder when 6 is divided by d.
0
What is the remainder when 57 is divided by -2 + 4 + 30 + -2?
27
Suppose 3*m = 82 + 41. Calculate the remainder when m is divided by 11.
8
Suppose -5*i + 14 = -31. Suppose 2*d + v - i = 0, v - 4*v + 7 = d. Suppose 0 = d*x + 4*w - 40, x + 3*w = -0*w + 8. What is the remainder when x is divided by 6?
5
Let y(b) = -b**2 + 7*b + 3. Let a be y(4). Let s = 3 + a. Calculate the remainder when 53 is divided by s.
17
Suppose 0 = v + 1 - 0. What is the remainder when 32 is divided by v + 12 + -1 - -1?
10
Calculate the remainder when -1 + 3 + 12/1 is divided by 8.
6
Suppose -4*j + 0*q + 18 = q, 0 = -5*j - 2*q + 21. Suppose -11 = j*p - 106. What is the remainder when p is divided by (5/(-3))/((-7)/42)?
9
Let z(q) = -9*q**3 + 2*q**2 - 3*q - 3. What is the remainder when z(-2) is divided by 17?
15
Let u = 21 + -5. Suppose 4 = 3*m - 14. Calculate the remainder when u is divided by m.
4
Suppose 122 - 63 = f. What is the remainder when f is divided by -3*(-3)/(6/10)?
14
Let z = 46 - 44. Suppose 4*n + 0*n = 28. Calculate the remainder when n is divided by z.
1
Suppose -5*f - f + 36 = 0. What is the remainder when f is divided by 4?
2
Suppose w = -5*z - 2*w + 23, -4*w = -z. Suppose z*u - 10 = -u. Suppose k - u - 2 = 0. What is the remainder when k is divided by 2?
0
Suppose -4 = -2*m - 2*t, 2*t - 22 = -5*m + t. Let r = -16 - -4. Calculate the remainder when m is divided by r/(-9) - (-4)/6.
1
Suppose y + k = 5, -k - 13 = -4*y + 7. Suppose 81 - 21 = y*g. Calculate the remainder when 46 is divided by g.
10
Suppose s - 143 = -5*j - s, 4*s - 54 = -2*j. Let k be -2 - 14 - (-1 + 2). Let o = 27 + k. What is the remainder when j is divided by o?
9
Let b be 188/(-36) + (-2)/(-9). Calculate the remainder when b + 20 + 5 + -2 is divided by 10.
8
Suppose 3 = -3*t + 12. Suppose -b + 2*j + 27 = -t*j, 2*j = 4. Calculate the remainder when b is divided by 13.
11
Suppose 0 = 3*h - 41 - 43. Calculate the remainder when h is divided by 39/4 + 2/8.
8
Suppose -91 = -5*h - 26. What is the remainder when 38 is divided by h?
12
Suppose 0 = -5*r - 5*a + 210, 3*a = r + 5*a - 45. Let j(y) = 2*y + 12. What is the remainder when r is divided by j(4)?
19
Let l(r) = r**3 - 8*r**2 + 8*r + 4. What is the remainder when 20 is divided by l(7)?
9
Let i(v) = 2*v**3 - 4*v**2 + 2*v + 1. Let a be i(2). Suppose -3*u = c - 15, 0 = 3*u - c - 3 - 6. Let k = a - u. Calculate the remainder when 1 is divided by k.
0
Let n = 107 + -73. Let j = -6 + 2. Let c = j - -16. Calculate the remainder when n is divided by c.
10
What is the remainder when 97/((-4 + 6 - 1)/1) is divided by 11?
9
Let w(f) = 2 + 5 - f**3 + f**2 + 8*f - 4*f**2. What is the remainder when w(-5) is divided by 5?
2
Suppose 3*x = 2*x + 6. Suppose -4*o = -3*r + 15, 4*o + 2*r - 6*r = -16. Let s = o + x. What is the remainder when 7 is divided by s?
1
Let w(a) = -a**2 + 4*a + 2. Let j(b) = -b**3 - 7*b**2 - 8*b - 6. Let z be j(-6). Suppose 0 = -i + 3*i - z. What is the remainder when i is divided by w(4)?
1
Let h be ((-11)/22)/((-2)/4). Suppose c - 11 = -h. Calculate the remainder when 17 is divided by c.
7
Suppose -4*b + 3*t + 129 = 0, -25 + 10 = 5*t. Calculate the remainder when 57 is divided by b.
27
Suppose -3*a - 4*o + 37 = 0, o = 3 - 2. Calculate the remainder when 29 is divided by a.
7
Let h = 4 - -17. Suppose 3*b = -h + 78. Calculate the remainder when (-2)/8 - (-221)/4 is divided by b.
17
Suppose 5*h + 4*i - 219 = -0*h, -2*h = -3*i - 106. Calculate the remainder when h is divided by 1596/98 - 6/21.
15
Let w(s) = -10*s - 14. What is the remainder when w(-6) is divided by 24?
22
Let z = -151 - -230. What is the remainder when z is divided by 20?
19
Let m = 46 - -25. What is the remainder when m is divided by 37?
34
Suppose 0*p - 58 = -p. What is the remainder when p is divided by 22?
14
Suppose 6 = -8*q + 6*q. Let n = q - -5. What is the remainder when 4 is divided by n?
0
Suppose 0 = k - 52 + 14. What is the remainder when k is divided by (2/2)/((-2)/(-40))?
18
Suppose 6*h = 10*h - 80. What is the remainder when (0 - 38/2)*-2 is divided by h?
18
Let u = 38 + 21. What is the remainder when u is divided by 6?
5
Suppose 3*v - v = 0. Suppose 3*k - 5 - 22 = v. What is the remainder when 25 is divided by k?
7
Let s(q) be the first derivative of -q**4/4 - 4*q**3/3 - 2*q**2 - q + 3. Let t = 6 + -2. What is the remainder when t is divided by s(-3)?
0
Let l(m) = 3*m**3 + 2*m**2 - m. Let q be l(1). What is the remainder when 29 is divided by ((-22)/(-5) - q)*20?
5
Suppose b + 3*u = 4*u - 9, 0 = -5*u - 5. Calculate the remainder when 37 is divided by (b/(-4) + -3)*-38.
18
Suppose -2*z - 17 = -5*v, -21 - 4 = -5*v. Suppose 5*w + 5*o = 60, -z*w + 2*o + 95 = w. What is the remainder when 33 is divided by w?
16
Let u(v) = -v + 12. What is the remainder when u(5) is divided by 5?
2
Let s(r) = -r**3 + 18*r**2 - 7*r + 15. Calculate the remainder when s(17) is divided by 62.
61
Let n = 98 + -48. Let g = 36 - 36. Suppose -2*r + 5*v = -n, 2*r - 4*v + 3*v - 42 = g. Calculate the remainder when r is divided by 7.
6
Suppose -47 = -f - 3*s, f + f + 2*s - 86 = 0. Calculate the remainder when f is divided by 3/(0 + (-6)/(-28)).
13
Suppose 76 - 934 = -6*a. Calculate the remainder when a is divided by 37.
32
Let j be 4 + (3 + 684)/3. What is the remainder when j/3 - 1/(-3) is divided by 20?
18
Let q = 24 + -16. Calculate the remainder when 30 is divided by q.
6
Let u(r) = -r**3 + 14*r**2 + 28. What is the remainder when 110 is divided by u(14)?
26
Suppose 2*u - u = 52. Let k = u - 35. What is the remainder when 66 is divided by k?
15
Suppose 0*a + a = -4, a + 28 = 3*g. Calculate the remainder when g is divided by 3.
2
Let l be 1/(-3) + 7/21. What is the remainder when -4 + 2 - (-5 - l) is divided by 3?
0
Let v(s) = -7*s - 2. Let g = -2 + 0. Let m be 3/g + (-3)/6. Calculate the remainder when 34 is divided by v(m).
10
Let r(b) = -b**2 - 18*b + 12. Calculate the remainder when 56 is divided by r(-17).
27
Let a(o) = -o - 8. Let y be a(-8). Suppose y*k + 2*k = 0. Suppose k*t - 2*t = -62. What is the remainder when t is divided by 16?
15
Calculate the remainder when 26 is divided by 10 - (1 + 0 + 0).
8
Suppose 2*j - d - 8 = -2*j, 0 = 2*d. Suppose j*m - 12 = 3*o + 7, -28 = -5*m + o. What is the remainder when 13 is divided by m?
3
Suppose g = -a + 9, 3*g - 7*g = -2*a - 48. What is the remainder when g is divided by 4?
3
Let s(g) = -4*g + 47. What is the remainder when s(7) is divided by 2?
1
Let r be (-1165)/(-30) - (-1)/6. Let n = -24 + r. Calculate the remainder when 57 is divided by n.
12
Let k(f) = -5*f. Suppose -b + 18 + 26 = 0. What is the remainder when b is divided by k(-3)?
14
Suppose 21*f - 22*f 